e 2*m + 3*m + 10 = 0. Let t(c) = 3*c**2 + c + 1. Let d(z) = 9*z**2 + 3*z + 3. Let u(j) = -2*d(j) + 7*t(j). What is the units digit of u(m)?
1
Let h be (12/21)/(2/21) - -54. Suppose 4*x + 5*y + 49 = 0, 5*x - y + 17 = -8. What is the units digit of 2/x - h/(-18)?
3
Let c be 180 - (25/(-10) - 2/(-4)). Suppose -4*f + 140 = 2*o, -5*f - o = -10*f + c. What is the units digit of f?
6
What is the units digit of (59 - 65)/(2/(-571))?
3
Let h = 8545 - 3313. What is the units digit of h?
2
Let f(d) = 14*d + d + 40 + d. What is the tens digit of f(11)?
1
Suppose -q = 0, 0 = 3*x + 4*q - 415 - 245. Let s = x - 155. What is the units digit of s?
5
What is the hundreds digit of 437/(-7 - (-75)/10)?
8
Suppose 4*l - 14 = -2. Let r(s) = 0*s + l*s**2 - 5 + 4 + 7*s. What is the units digit of r(-5)?
9
Suppose 1850 = -4*z + 14*z. What is the hundreds digit of z?
1
Let z be (-1)/((-2)/452 + 0/6). Let g = -63 + z. What is the tens digit of g?
6
Let z(h) = h**2 - 8*h + 3. Let s be z(7). Let q(m) be the third derivative of m**5/20 + 5*m**4/24 - m**3/3 - 5*m**2. What is the units digit of q(s)?
6
Let a = -14 - -24. Suppose -67 = -h - a. Let b = -10 + h. What is the units digit of b?
7
Suppose n + 7 = 2*o - 26, 67 = 3*o - 5*n. What is the tens digit of o?
1
Let u = 845 - 343. What is the units digit of u?
2
Suppose 1845 = d + 4*d. Suppose 9*g = 12*g - d. What is the units digit of g?
3
Suppose -77 - 167 = i. Let w = i - -162. What is the tens digit of ((-2)/(-4) + -1)*w?
4
Suppose 111872 = 24*j - 5*j. What is the tens digit of j?
8
Let k(n) = 2*n + 25. Let g be k(-13). Let b(r) be the third derivative of -7*r**4/12 + r**3/6 + 3*r**2. What is the units digit of b(g)?
5
Suppose 55*y - 6477 = 4*y. What is the tens digit of y?
2
Suppose 8*k + 8*h = 10*k - 1706, -5*h = -4*k + 3368. What is the hundreds digit of k?
8
What is the thousands digit of (-8)/6 - (-90846)/54?
1
Let h(c) be the first derivative of -c**4/4 - 2*c**3/3 - c**2 - c - 10. Let w = -4 - -1. What is the tens digit of h(w)?
1
Suppose -53 = 3*w + 55. Let k be (-4)/(-18) - (-3320)/w. What is the tens digit of k*((-3)/(-2) + -2)?
4
Let j(d) = -20 + 6 + 11 + 8*d - 4*d**2. Let h(l) = -3*l**2 + 7*l - 4. Let s(z) = -5*h(z) + 4*j(z). What is the units digit of s(-4)?
4
Suppose 2*y - d + 11 = 0, -2*d - 2*d - 4 = 0. Let q(n) = -10*n - 20. What is the units digit of q(y)?
0
Suppose -3*j - 20 = -8*j. Suppose j*v = 66 - 190. Let d = v - -81. What is the tens digit of d?
5
Suppose 145*z - 143*z = 1230. What is the hundreds digit of z?
6
Let d be (-15912)/168 + (-2)/7. Let n = d - -116. What is the tens digit of n?
2
Let t(i) = i**3 + 10*i - 8*i**2 + 22 - 9 - 26*i. Let k = -100 - -110. What is the tens digit of t(k)?
5
Let q(y) = -y**2 + 8*y - 1. Let t be q(6). Suppose -7*f + t*f + 56 = 0. Let i = f + 21. What is the units digit of i?
7
Let m(b) = b**2 + 9*b + 16. Let y be m(-4). What is the units digit of 109*(-3)/(-12) + y/16?
7
Let n = -68 - -73. Suppose -n*w - 522 = -3*f, -4*w + 673 = 4*f - 3*w. What is the units digit of f?
9
Let p = 93 - 82. What is the tens digit of (1 - -305)/(13 - p)?
5
Let m(l) = 26*l**2 + 2*l - 1. Let o be m(2). Let j = 220 - o. What is the tens digit of j?
1
Let h = -5 - -8. Let g(u) = -u**2 + 10*u - 16. Let q be g(8). Suppose 5*l - 3*n - 111 - 10 = q, h*l = 3*n + 69. What is the tens digit of l?
2
Let u = 38 - 17. Suppose c - u = 41. What is the units digit of c?
2
Let r(v) = -v**2 + 1. Let o be r(1). Suppose -2*w - 2*n - n + 465 = o, -3*n = w - 231. What is the units digit of w?
4
Let n(b) = -80*b - 111. What is the tens digit of n(-12)?
4
Let b(j) be the second derivative of j**4/12 + 2*j**3/3 + 7*j**2 + 8*j. Let c be b(-6). Suppose -2*h + c - 6 = 0. What is the units digit of h?
0
Suppose 0 = c + 3*o - 496, -13*o + 3 = -12*o. What is the hundreds digit of c?
4
Let y = 2 + 2. Suppose 0*w + 8 = y*w. What is the units digit of (3 - (3 + w)) + 29?
7
Let s = 4615 + -1856. What is the units digit of s?
9
Let s = 199 - -269. Suppose s = 16*k - 3356. What is the hundreds digit of k?
2
Let i = 818 + -392. What is the tens digit of i?
2
Suppose 7*n = 6*n - 345. What is the tens digit of (n/10)/(3/(-8))?
9
Let q be (-1 - (-3 + 2)) + 2. Suppose 5*n - 143 = -u, 5*n = q*n + 3*u + 75. What is the tens digit of n?
2
Suppose 2*r + k - 4311 = 0, -2*k + 1571 = -3*r + 8027. What is the tens digit of r?
5
Suppose 26*f = 43*f - 21505. What is the thousands digit of f?
1
Let t be (-100)/(-12) + (-4)/(-6). What is the hundreds digit of t/1*(3/1 + 13)?
1
Suppose -3*p - p + 12 = 0. Let f(m) be the third derivative of 3*m**4/8 + m**3/6 + m**2. What is the tens digit of f(p)?
2
Suppose -h - 390 = -2*h. What is the hundreds digit of h?
3
Suppose 3*j - 2*i = 12, -4*j + 5*j - 3*i - 11 = 0. What is the hundreds digit of 1250/8 + j/(-8)?
1
Let a = 1357 - -1319. Let c be a/10 + 6/15. Suppose -3*d = -5*u + 254, -5*u - 8*d + c = -4*d. What is the units digit of u?
2
Suppose -4*f = -5*t + 41, -3*f = t - 7*f - 21. Suppose 150 = 3*m - 3*v, -t*v = 4*m - v - 224. What is the units digit of m?
3
Suppose -2*o + 1922 = 4*z, -2159 = -4*o - z + 1678. What is the tens digit of o?
5
Suppose -44*u - 23289 = -65*u. What is the tens digit of u?
0
Suppose -5*j - 7 = 5*a - 37, -4*j = -3*a - 10. Suppose -2*l - j*x + 67 = -53, -2*x = 5*l - 260. Suppose 0 = -4*q + l + 34. What is the units digit of q?
1
Let a be ((-18)/4)/(1/(-6)). Let u = a - -10. What is the tens digit of u?
3
Let v = -85 - -278. Let y = v - 68. What is the units digit of y?
5
Let a be 6/15 - (-272)/20. Let y(x) = -2*x**2 + 36*x - 15. What is the units digit of y(a)?
7
What is the units digit of 24816/63 + 18/189?
4
What is the units digit of 3808/4 + -12*(-7)/28?
5
Let m be 3 + (-5 - -2 - -19). Suppose 0 = 4*b - 3*y - m, -b + y + 2 = 3*y. Suppose -4*d = 2*x + 2*x - 40, -5*d = -b*x + 67. What is the units digit of x?
3
Suppose 5*v = -4*b + 433, -280 = -4*b + 4*v + 108. Let r = b + -101. What is the units digit of r?
1
Let j = -2274 - -3362. What is the hundreds digit of j?
0
Suppose 0 = 3*u - 850 - 1382. What is the tens digit of u?
4
Let n(h) = h**2 - 3*h - 6. Let s be n(5). Suppose 0*t = -s*t. Let b = 8 + t. What is the units digit of b?
8
What is the units digit of (-556)/(20/12 - 3)?
7
What is the units digit of 437 + 1/((-2)/(-16))?
5
Let c(r) = -r**2 + 96 - r - 98 + 5*r**3 - 2*r**3. Let u be c(2). Suppose 4*g - u = 2*g. What is the units digit of g?
8
Let k(s) = -2*s - 4. Let m be (-305)/35 - 4/14. Let p be k(m). Suppose -3*z + p = -73. What is the units digit of z?
9
Let z = 13 + -12. Let r(w) = 14*w**3 + 2*w**2 - w. Let u be r(z). Let x = -11 + u. What is the units digit of x?
4
What is the hundreds digit of ((-621)/(-36) + -15)*20*5?
2
Suppose 7*o + 0*o = 56. Let s = -6 + o. Suppose 0 = 3*j + s*j - 70. What is the tens digit of j?
1
Let u(p) = -p**2 - 8*p + 2. Let j be u(-8). Let y(z) = -z - j*z + 4*z - 3 + 3*z**2 - 5*z. What is the units digit of y(-2)?
7
What is the tens digit of (-4)/(-8)*(-13)/((-13)/3572)?
8
Suppose 4*k - 18 - 4 = 5*z, 28 = -4*z - 2*k. What is the tens digit of 184/4 + z + 5?
4
What is the units digit of -21 - -19 - 3846/(-1*2)?
1
Let m = 86 + -94. What is the units digit of m*(285/(-40))/((-3)/(-12))?
8
Suppose -5*x + 2591 + 1329 = 0. Suppose 4*a = -2*j + x, 8 + 4 = -3*j. What is the units digit of a?
8
Suppose 3*y + 0*y - 527 = -4*s, 4*y - 3*s - 661 = 0. What is the tens digit of y?
6
Suppose n + 278 = 372. Let o = -36 + 77. Suppose 4*y - n = k - 3*k, -2*y = 3*k - o. What is the units digit of y?
5
Let s(r) = r**2 + 13*r + 6. Let h be s(-13). Suppose -4*b = 4*g - 4, 3*g - h*b - 19 = -b. Suppose -g*q + 10 = 2*q. What is the units digit of q?
2
Let d = 6554 + -1984. What is the hundreds digit of d?
5
Suppose -3960 = 10*v - 40*v. What is the units digit of v?
2
Let w(g) = g**2 + g + 165. Let u = -59 + 59. What is the tens digit of w(u)?
6
Suppose 3*m - 2*m = 6. Suppose -m + 2 = f. What is the units digit of f/(-26) + 2070/65?
2
Let o be -3 + ((-8)/(-2))/(-18 - -16). Let t(s) be the second derivative of s**4/12 - s**3/2 - s**2 + 2*s. What is the units digit of t(o)?
8
Let l = 5228 - 3669. What is the thousands digit of l?
1
Let w be 16/20*(0 + 5). Suppose 20 = k - w. What is the units digit of (2/4)/(12/k)?
1
Suppose -19*z = -26*z + 2303. What is